{"id":1246,"date":"2019-12-25T21:56:10","date_gmt":"2019-12-25T12:56:10","guid":{"rendered":"https:\/\/mge.hiroshima-u.ac.jp\/SATREPS_MACH\/?page_id=1246"},"modified":"2021-10-28T00:15:26","modified_gmt":"2021-10-27T15:15:26","slug":"conference-presentations","status":"publish","type":"page","link":"https:\/\/mge.hiroshima-u.ac.jp\/SATREPS_MACH\/achievements\/conference-presentations\/","title":{"rendered":"\u5b66\u4f1a\u767a\u8868"},"content":{"rendered":"<p><\/p>\n<div class=\"section clearfix mb-0\"><a class=\"btn-ptn-b\" href=\"https:\/\/mge.hiroshima-u.ac.jp\/SATREPS_MACH\/achievements\/research-publications\">\u7814\u7a76\u8ad6\u6587<\/a><a class=\"btn-ptn-b current\" href=\"https:\/\/mge.hiroshima-u.ac.jp\/SATREPS_MACH\/achievements\/conference-presentations\/\">\u5b66\u4f1a\u767a\u8868<\/a><a class=\"btn-ptn-b\" href=\"https:\/\/mge.hiroshima-u.ac.jp\/SATREPS_MACH\/achievements\/news-awards\/\">\u5831\u9053\u30fb\u53d7\u8cde<\/a><a class=\"btn-ptn-b\" href=\"https:\/\/mge.hiroshima-u.ac.jp\/SATREPS_MACH\/achievements\/\">\u958b\u50ac\u4f1a\u8b70\u30fb\u30bb\u30df\u30ca\u30fc<\/a><a class=\"btn-ptn-b\" href=\"https:\/\/mge.hiroshima-u.ac.jp\/SATREPS_MACH\/achievements\/\">\u30d7\u30ed\u30c8\u30b3\u30eb\u96c6<\/a><\/div>\n<div class=\"section\">\n<h2>\u5b66\u4f1a\u767a\u8868<\/h2>\n<h4>\u5b66\u4f1a\u767a\u8868\uff08\u65e5\u672c\u30c1\u30ea\u5171\u8457\uff09<\/h4>\n<ul>\n<li>\u00a0<\/li>\n<\/ul>\n<\/div>\n<div class=\"section\">\n<h4>\u5b66\u4f1a\u767a\u8868\uff08\u4ed6\uff09<\/h4>\n<ul>\n<li style=\"list-style-type: none;\">\n<ul>\n<li>2021\n<ul>\n<li>Andr\u00e9s \u00c1vila,Longterm composition of 16S-based bacterial communities associated<br \/>\nwith algal bloom events in northern Chile, 19th International Conference on Harmful Algae (ICHA 2021), online, 2021.10.15<\/li>\n<li>Kyoko Yarimizu,Harmful Algae Monitoring on San Jorge Bay in Antofagasta, Chile, 19th International Conference on Harmful Algae (ICHA 2021), online, 2021.10.12<\/li>\n<li>Satoshi Nagai, Genetic analysis revealed large genetic breaks among Pacific Rim populations in Alexandrium catenella, Chile, 19th International Conference on Harmful Algae (ICHA 2021), online, 2021.10.14<\/li>\n<\/ul>\n<\/li>\n<li>\u00a02020\n<ul>\n<li>Nakayama, N., Satoh, A. and Ueki, S. A method for gene transfer in Heterosigma akashiwo, a causative organism of harmful algal blooms. CELL BIO virtual 2020, online, December 2 \u2013 16, 2020.<\/li>\n<li>(9) \u4e2d\u5c71\u4e03\u6d77\u3001\u690d\u6728\u5c1a\u5b50\u3001\u4f50\u85e4\u3042\u3084\u306e \u8d64\u6f6e\u539f\u56e0\u7a2eHeterosigma akashiwo\u306e\u907a\u4f1d\u5b50\u64cd\u4f5c\u6280\u8853. \u65e5\u672c\u751f\u7269\u5de5\u5b66\u4f1a\u897f\u65e5\u672c\u652f\u90e8\u5927\u4f1a\uff08\u7b2c\uff15\u56de\u8b1b\u6f14\u4f1a\uff09\u3001\u5ca1\u5c71\u300111\u670814\u65e5, 2020<\/li>\n<li>(10) \u4e2d\u5c71\u4e03\u6d77\u3001\u690d\u6728\u5c1a\u5b50\u3001\u4f50\u85e4\u3042\u3084\u306e \u8d64\u6f6e\u539f\u56e0\u85fb\u985e Heterosigma akashiwo\u306e\u907a\u4f1d\u5b50\u64cd\u4f5c\u6280\u8853. \u7b2c43\u56de\u65e5\u672c\u5206\u5b50\u751f\u7269\u5b66\u4f1a\u5e74\u4f1a\uff08\u30aa\u30f3\u30e9\u30a4\u30f3\uff09\u3001\u5ca1\u5c71\u300112\u67082\u65e5\u20134\u65e5, 2020<\/li>\n<li>Nagai S, Detection of HAB species by eDNA technology, Intetrnational and National Seminar on Fisheries and Marine Science IX (Indonesia)\u3000, online, 2020. 6<\/li>\n<li>Nagai S, Recent progress of eukaryotic metabarcoding in Japanese coastal waters, PICES-2020, online, 2020.1<\/li>\n<li>\u9577\u4e95\u3000\u654f, \u6d77\u6d0b\u306b\u304a\u3051\u308b\u30d3\u30c3\u30b0\u30c7\u30fc\u30bf\u306e\u7372\u5f97\u3068\u5229\u7528\uff0d\u7d0b\u5225\u5e02\u306b\u304a\u3051\u308b\u6642\u7cfb\u5217\u30c7\u30fc\u30bf\u3092\u4f8b\u306b, \u74b0\u5883DNA\u5b66\u4f1a\u7b2c3\u56de\u5927\u4f1a\u30fb\u7b2c36\u56de\u500b\u4f53\u7fa4\u751f\u614b\u5b66\u4f1a\u5408\u540c\u5927\u4f1a\u8981\u65e8\u96c6, online, 2020.11<\/li>\n<li>Nagai S, Acquisition and utilization of marine big data\uff0dtime series monitoring in Mombetsu Hokkaido Japan as an example., The Joint meeting of the eDNA Society &amp; the Eociety of Population Ecology, online, 2020.11<\/li>\n<li>\u9577\u4e95\u3000\u654f, \u30e1\u30bf\u30d0\u30fc\u30b3\u30fc\u30c7\u30a3\u30f3\u30b0\u306b\u3088\u308b\u5fae\u5c0f\u30d7\u30e9\u30f3\u30af\u30c8\u30f3\u691c\u51fa\u6280\u8853\u306e\u73fe\u72b6, \u30de\u30ea\u30f3\u30d0\u30a4\u30aa\u30c6\u30af\u30ce\u30ed\u30b8\u30fc\u5b66\u4f1a\u79cb\u306e\u30b7\u30f3\u30dd\u30b8\u30a6\u30e02020, online, 2020.12}<\/li>\n<\/ul>\n<\/li>\n<li>\u00a02019\n<ul>\n<li>Fujiyoshi So, Fumito Maruyama. \u201cDiferencia espec\u00edfica en la composici\u00f3n bacteriana entre el biofilm de la ducha y el agua de la ducha en el ba\u00f1o japon\u00e9s&#8221; 1st ISME-Latin America congress, Sep 2019.9.11-13, Universidad Tecnica Federico Santa Maria Valparaiso, Chile.<\/li>\n<li>Fujiyoshi So(Graduate School of Human and Environmental Studies, Kyoto University, Japan), Bioinformatics in Microbiome Analysis, El 1\u00ba Workshop Kon\u00fcn Wen\u00fc 2019, Centro de Excelencia de Modelaci\u00f3n y Computaci\u00f3n Cient\u00edfica (CMCC), 2019.9.26. Universidad de La Frontera, Temuco, Chile.<\/li>\n<li>Fujiyoshi So, Fumito Maruyama. \u201cSuitcase lab: A new portable and deployable equipment for a rapid detection of specific harmful algae in Chilean coastal waters&#8221; 7th International Workshop: Advances in Science and Technology of Bioresource, 2019.12.2-4. Pucon Chile.<\/li>\n<li>Kyoko Yarimizu. Southern California and Baja California coast monitoring: The role of iron and free-living bacteria in harmful algae blooms. 7th International Worksho: Advances in science and technology of bioresources. 2 Dec, 2019 in Pucon, Chile<\/li>\n<li>\u59b9\u5c3e\u7f8e\u7d00, \u5e73\u677e\u8ad2\u4e5f, Anette Engesmo, Brian D. Bill, Vera L. Trainer, \u9577\u4e95\u654f, \u9580\u7530\u6709\u5e0c, \u690d\u6728\u5c1a\u5b50 , \u8d64\u6f6e\u539f\u56e0\u85fb\u30d8\u30c6\u30ed\u30b7\u30b0\u30de\u306e\u7cfb\u7d71\u5730\u7406\u5b66\u7684\u30de\u30fc\u30ab\u30fc\u306e\u78ba\u7acb\u3092\u76ee\u6307\u3057\u305f\u7814\u7a76, \u65e5\u672c\u80b2\u7a2e\u5b66\u4f1a\u30fb\u7b2c 11 \u56de\u4e2d\u56fd\u5730\u57df\u80b2\u7a2e\u8ac7\u8a71\u4f1a 2019. 12.21-22, \u4f1a\u5834\uff1a\u5ca1\u5c71\u5927\u5b66\u6d25\u5cf6\u30ad\u30e3\u30f3\u30d1\u30b9\u81ea\u7136\u79d1\u5b66\u7814\u7a76\u79d1\u68df\u3000\u5927\u8b1b\u7fa9\u5ba4\u3000<\/li>\n<li>\u4f50\u85e4\u3042\u3084\u306e\u3001\u6960\u672c\u606d\u5e73\u3001\u690d\u6728\u5c1a\u5b50\u3000\u8d64\u6f6e\u539f\u56e0\u85fb\u30d8\u30c6\u30ed\u30b7\u30b0\u30de\u306e\u30d0\u30a4\u30aa\u30c6\u30af\u30ce\u30ed\u30b8\u30fc\u7684\u5229\u7528\u3092\u3081\u3056\u3057\u305f\u907a\u4f1d\u5b50\u5c0e\u5165\u6cd5\u306e\u691c\u8a0e\u3000\u7b2c42\u56de\u3000\u65e5\u672c\u5206\u5b50\u751f\u7269\u5b66\u4f1a\u5e74\u4f1a\u30002019.12.3-6 \u798f\u5ca1\u56fd\u969b\u4f1a\u8b70\u5834\u3000<\/li>\n<li>\u7b2c14\u56de\u65e5\u672c\u30b2\u30ce\u30e0\u5fae\u751f\u7269\u5b66\u4f1a\u5e74\u4f1a \u5b66\u4f1a\u30a6\u30a7\u30d6\u30da\u30fc\u30b8\u5e83\u544a\u306e\u63b2\u8f09<\/li>\n<\/ul>\n<\/li>\n<li>\u00a02018\n<ul>\n<li>Shoko Ueki (Institute of Plant Science and Resourches, Okayama University, Kurashiki, Japan), A hypervariable mitochondrial gene associated with geographical origin in a cosmopolitan bloom-forming alga, Heterosigma akashiwo, International Conference of Harmful Algae, 2018, Oct 21-26 Nantes, France<\/li>\n<li>\u4e38\u5c71\u53f2\u4eba\uff08\u4eac\u90fd\u5927\u5b66\uff09, MACH, SATREPS\u30c1\u30ea\u306b\u304a\u3051\u308b\u6301\u7d9a\u53ef\u80fd\u306a\u6cbf\u5cb8\u6f01\u696d\u53ca\u3073\u990a\u6b96\u306b\u8cc7\u3059\u308b\u8d64\u6f6e\u65e9\u671f\u4e88\u6e2c\u30b7\u30b9\u30c6\u30e0\u306e\u69cb\u7bc9\u3068\u904b\u7528\u306e\u7d39\u4ecb, \u7b2c30\u56de\u65e5\u672c\u81e8\u5e8a\u5fae\u751f\u7269\u5b66\u4f1a\u7dcf\u4f1a\u30fb\u5b66\u8853\u96c6\u4f1a\uff1b\u4f1a\u671f\uff1a2019\u5e742\u67081\u65e5\uff08\u91d1\u66dc\u65e5\uff09\uff5e3\u65e5\uff08\u65e5\u66dc\u65e5\uff09\uff1b\u4f1a\u5834\uff1a\u30d2\u30eb\u30c8\u30f3\u6771\u4eac\u304a\u53f0\u5834\uff1b\u30b0\u30e9\u30f3\u30c9\u30cb\u30c3\u30b3\u30fc\u6771\u4eac\uff08\u30d6\u30fc\u30b9\u4f01\u753b\u3001\u767a\u8868\uff09<\/li>\n<li>Hirokazu Yano, Tomotada Iwamoto, Yukiko Nishiuchi Maruyama Fumito. \u201cPopulation Structure and Local Adaptation of MAC Lung Disease Agent Mycobacterium avium subsp. Hominissuis\u201d Microbiology of the Built Environment, Gordon Research Conference. 2018.7.15-20. ME, United States.<\/li>\n<li>Fujiyoshi So, Ai Muto, Fumito Maruyama. \u201cBacterial 16S rRNA gene profiling by portable DNA sequencer from shower water, shower head, bathtub inlet in Japan\u201d. Microbiology of the Built Environment, Gordon Research Conference. 2018.7.15-20. ME, United States.<\/li>\n<\/ul>\n<\/li>\n<\/ul>\n<\/li>\n<\/ul>\n<\/div>\n<p><\/p>","protected":false},"excerpt":{"rendered":"<p>\u7814\u7a76\u8ad6\u6587\u5b66\u4f1a\u767a\u8868\u5831\u9053\u30fb\u53d7\u8cde\u958b\u50ac\u4f1a\u8b70\u30fb\u30bb\u30df\u30ca\u30fc\u30d7\u30ed\u30c8\u30b3\u30eb\u96c6 \u5b66\u4f1a\u767a\u8868 \u5b66\u4f1a\u767a\u8868\uff08\u65e5\u672c\u30c1\u30ea\u5171\u8457\uff09 \u00a0 \u5b66\u4f1a\u767a\u8868\uff08\u4ed6\uff09 2021 Andr\u00e9s \u00c1vila,Longterm composition of 16S-based b [&hellip;]<\/p>\n","protected":false},"author":1,"featured_media":0,"parent":1240,"menu_order":0,"comment_status":"closed","ping_status":"closed","template":"page-achievements.php","meta":{"_acf_changed":false,"footnotes":""},"class_list":["post-1246","page","type-page","status-publish","hentry"],"acf":[],"_links":{"self":[{"href":"https:\/\/mge.hiroshima-u.ac.jp\/SATREPS_MACH\/wp-json\/wp\/v2\/pages\/1246","targetHints":{"allow":["GET"]}}],"collection":[{"href":"https:\/\/mge.hiroshima-u.ac.jp\/SATREPS_MACH\/wp-json\/wp\/v2\/pages"}],"about":[{"href":"https:\/\/mge.hiroshima-u.ac.jp\/SATREPS_MACH\/wp-json\/wp\/v2\/types\/page"}],"author":[{"embeddable":true,"href":"https:\/\/mge.hiroshima-u.ac.jp\/SATREPS_MACH\/wp-json\/wp\/v2\/users\/1"}],"replies":[{"embeddable":true,"href":"https:\/\/mge.hiroshima-u.ac.jp\/SATREPS_MACH\/wp-json\/wp\/v2\/comments?post=1246"}],"version-history":[{"count":15,"href":"https:\/\/mge.hiroshima-u.ac.jp\/SATREPS_MACH\/wp-json\/wp\/v2\/pages\/1246\/revisions"}],"predecessor-version":[{"id":1847,"href":"https:\/\/mge.hiroshima-u.ac.jp\/SATREPS_MACH\/wp-json\/wp\/v2\/pages\/1246\/revisions\/1847"}],"up":[{"embeddable":true,"href":"https:\/\/mge.hiroshima-u.ac.jp\/SATREPS_MACH\/wp-json\/wp\/v2\/pages\/1240"}],"wp:attachment":[{"href":"https:\/\/mge.hiroshima-u.ac.jp\/SATREPS_MACH\/wp-json\/wp\/v2\/media?parent=1246"}],"curies":[{"name":"wp","href":"https:\/\/api.w.org\/{rel}","templated":true}]}}